{"id":565,"date":"2022-03-28T22:37:02","date_gmt":"2022-03-28T20:37:02","guid":{"rendered":"https:\/\/vincentvintech.com\/?page_id=565"},"modified":"2022-03-28T22:37:02","modified_gmt":"2022-03-28T20:37:02","slug":"mentions-legales","status":"publish","type":"page","link":"https:\/\/vincentvintech.com\/index.php\/mentions-legales\/","title":{"rendered":"Mentions l\u00e9gales"},"content":{"rendered":"\n<h2 class=\"wp-block-heading\">IDENTIFICATION DE L\u2019\u00c9DITEUR<\/h2>\n\n\n\n<p><strong>Vintech M\u00e9dia<\/strong><\/p>\n\n\n\n<p>www.vincentvintech.com<\/p>\n\n\n\n<p>contact@vincentvintech.com<\/p>\n\n\n\n<p>Directeur de la publication :\u00a0<strong>Vincent Vintech ( Vintech M\u00e9dia)<\/strong><\/p>\n\n\n\n<h2 class=\"wp-block-heading\">H\u00c9BERGEMENT<\/h2>\n\n\n\n<p><strong>OVH<\/strong><\/p>\n\n\n\n<p>SAS au capital de 10 174 560 \u20ac<\/p>\n\n\n\n<p>RCS Lille M\u00e9tropole 424 761 419 00045<br>Code APE 2620Z<br>N\u00b0 TVA : FR 22 424 761 419<br>Si\u00e8ge social : 2 rue Kellermann &#8211; 59100 Roubaix &#8211; France<\/p>\n\n\n\n<h2 class=\"wp-block-heading\">TRAITEMENT DES DONN\u00c9ES \u00c0 CARACT\u00c8RE PERSONNEL<\/h2>\n\n\n\n<p>\u00a0 \u00a0 \u00a0Aucune donn\u00e9e personnelle n&rsquo;est demand\u00e9e sur ce site ( hors page contact).<\/p>\n\n\n\n<p>En envoyant un mail via le formulaire vous prenez connaissance que votre adresse mail sera connu du destinataire . Nous utiliserons cette adresse seulement pour vous r\u00e9pondre et celle ci ne sera pas r\u00e9utilis\u00e9e par la suite ni c\u00e9d\u00e9 ou vendu \u00e0 qui que ce soit.<\/p>\n\n\n\n<h2 class=\"wp-block-heading\">LIENS HYPERTEXTES (RESPONSABILIT\u00c9)<\/h2>\n\n\n\n<p>&nbsp; &nbsp; &nbsp;Le pr\u00e9sent site ne contr\u00f4le pas les sites en connexion avec le sien, et ne saurait donc \u00eatre responsable de leur contenu. Les risques li\u00e9s \u00e0 l\u2019utilisation de ces sites incombent pleinement \u00e0 l\u2019utilisateur. Il se conformera \u00e0 leurs conditions d\u2019utilisation.<\/p>\n\n\n\n<h2 class=\"wp-block-heading\">PROPRI\u00c9T\u00c9 INTELLECTUELLE<\/h2>\n\n\n\n<p>&nbsp; &nbsp; &nbsp;En accord avec les lois r\u00e9gissant la propri\u00e9t\u00e9 intellectuelle, la reproduction ou l\u2019utilisation des \u00e9l\u00e9ments se trouvant dans ce site Internet, en totalit\u00e9 ou en partie est strictement interdite. Seules sont maintenues les exceptions l\u00e9gales dont notamment la repr\u00e9sentation dans le cadre du cercle de famille, la copie priv\u00e9e ou le droit de courte citation.<\/p>\n\n\n\n<p>&nbsp; &nbsp; &nbsp;Ainsi, tous les textes, photos, logos, marques et autres \u00e9l\u00e9ments reproduits sur ce site sont r\u00e9serv\u00e9s et prot\u00e9g\u00e9s par le droit de la propri\u00e9t\u00e9 intellectuelle. (Droit auteur, droit voisin, droit des marques\u2026).<\/p>\n\n\n\n<p>&nbsp; &nbsp; &nbsp;Toute repr\u00e9sentation totale ou partielle de ce site par quelque proc\u00e9d\u00e9 que ce soit, sans l\u2019autorisation expresse de l\u2019exploitant du site Internet est interdite et constituerait une contrefa\u00e7on sanctionn\u00e9e par les articles L 335-2 et suivants du Code de la propri\u00e9t\u00e9 intellectuelle.<\/p>\n\n\n\n<p>&nbsp; &nbsp; &nbsp;Il en est de m\u00eame des \u00e9ventuelles bases de donn\u00e9es figurant sur le site Internet qui sont prot\u00e9g\u00e9es par les dispositions de la loi du 11 juillet 1998 portant transposition dans le Code de la propri\u00e9t\u00e9 intellectuelle (CPI) de la directive europ\u00e9enne du 11 mars 1996 relative \u00e0 la protection&nbsp;juridique des bases de donn\u00e9es.<\/p>\n\n\n\n<h2 class=\"wp-block-heading\">UTILISATION DES COOKIES<\/h2>\n\n\n\n<p>&nbsp; &nbsp; &nbsp;La navigation sur ce site&nbsp;est susceptible de provoquer l\u2019installation de cookie(s) sur l\u2019ordinateur de l\u2019utilisateur. Un cookie est un fichier de petite taille, qui ne permet pas l\u2019identification de l\u2019utilisateur, mais qui enregistre des informations relatives \u00e0 la navigation d\u2019un ordinateur sur un site. Les donn\u00e9es ainsi obtenues visent \u00e0 faciliter la navigation ult\u00e9rieure sur le site, et ont \u00e9galement vocation \u00e0 permettre diverses mesures de fr\u00e9quentation.<\/p>\n","protected":false},"excerpt":{"rendered":"<p>IDENTIFICATION DE L\u2019\u00c9DITEUR Vintech M\u00e9dia www.vincentvintech.com contact@vincentvintech.com Directeur de la publication :\u00a0Vincent Vintech ( Vintech M\u00e9dia) H\u00c9BERGEMENT OVH SAS au capital de 10 174 560 \u20ac RCS Lille M\u00e9tropole 424 761 419 00045Code APE 2620ZN\u00b0 TVA : FR 22 424 761 419Si\u00e8ge social : 2 rue Kellermann &#8211; 59100 Roubaix &#8211; France TRAITEMENT DES DONN\u00c9ES [&hellip;]<\/p>\n","protected":false},"author":1,"featured_media":0,"parent":0,"menu_order":0,"comment_status":"closed","ping_status":"closed","template":"","meta":{"_gspb_post_css":"","footnotes":""},"class_list":["post-565","page","type-page","status-publish","hentry"],"_links":{"self":[{"href":"https:\/\/vincentvintech.com\/index.php\/wp-json\/wp\/v2\/pages\/565","targetHints":{"allow":["GET"]}}],"collection":[{"href":"https:\/\/vincentvintech.com\/index.php\/wp-json\/wp\/v2\/pages"}],"about":[{"href":"https:\/\/vincentvintech.com\/index.php\/wp-json\/wp\/v2\/types\/page"}],"author":[{"embeddable":true,"href":"https:\/\/vincentvintech.com\/index.php\/wp-json\/wp\/v2\/users\/1"}],"replies":[{"embeddable":true,"href":"https:\/\/vincentvintech.com\/index.php\/wp-json\/wp\/v2\/comments?post=565"}],"version-history":[{"count":1,"href":"https:\/\/vincentvintech.com\/index.php\/wp-json\/wp\/v2\/pages\/565\/revisions"}],"predecessor-version":[{"id":566,"href":"https:\/\/vincentvintech.com\/index.php\/wp-json\/wp\/v2\/pages\/565\/revisions\/566"}],"wp:attachment":[{"href":"https:\/\/vincentvintech.com\/index.php\/wp-json\/wp\/v2\/media?parent=565"}],"curies":[{"name":"wp","href":"https:\/\/api.w.org\/{rel}","templated":true}]}}